ime factors of 94059?
3, 7, 1493
List the prime factors of 108380.
2, 5, 5419
What are the prime factors of 468?
2, 3, 13
List the prime factors of 1017.
3, 113
List the prime factors of 2926.
2, 7, 11, 19
What are the prime factors of 6535?
5, 1307
List the prime factors of 11819.
53, 223
List the prime factors of 804.
2, 3, 67
What are the prime factors of 2788?
2, 17, 41
What are the prime factors of 481?
13, 37
What are the prime factors of 7205?
5, 11, 131
What are the prime factors of 1035?
3, 5, 23
List the prime factors of 7207.
7207
What are the prime factors of 12399?
3, 4133
What are the prime factors of 4903?
4903
List the prime factors of 3991.
13, 307
List the prime factors of 2316.
2, 3, 193
What are the prime factors of 767?
13, 59
List the prime factors of 48906.
2, 3, 11, 13, 19
What are the prime factors of 424?
2, 53
What are the prime factors of 8500?
2, 5, 17
List the prime factors of 3993.
3, 11
List the prime factors of 1044.
2, 3, 29
What are the prime factors of 19029?
3, 6343
What are the prime factors of 4741?
11, 431
What are the prime factors of 150086?
2, 101, 743
What are the prime factors of 1840?
2, 5, 23
List the prime factors of 1203.
3, 401
List the prime factors of 51681.
3, 7, 23, 107
What are the prime factors of 1064?
2, 7, 19
What are the prime factors of 18683?
7, 17, 157
What are the prime factors of 39619?
39619
What are the prime factors of 40370?
2, 5, 11, 367
List the prime factors of 2656.
2, 83
What are the prime factors of 8287?
8287
List the prime factors of 1495.
5, 13, 23
What are the prime factors of 16045?
5, 3209
What are the prime factors of 12487?
12487
What are the prime factors of 106291?
106291
What are the prime factors of 1565?
5, 313
What are the prime factors of 686?
2, 7
List the prime factors of 20892.
2, 3, 1741
What are the prime factors of 84300?
2, 3, 5, 281
What are the prime factors of 2107?
7, 43
List the prime factors of 41362.
2, 20681
List the prime factors of 1921.
17, 113
List the prime factors of 7260.
2, 3, 5, 11
List the prime factors of 74878.
2, 29, 1291
List the prime factors of 24582.
2, 3, 17, 241
List the prime factors of 116121.
3, 38707
List the prime factors of 67769.
13, 401
List the prime factors of 2048.
2
List the prime factors of 15107.
15107
What are the prime factors of 534?
2, 3, 89
What are the prime factors of 1955?
5, 17, 23
List the prime factors of 75412.
2, 17, 1109
What are the prime factors of 26473?
23, 1151
List the prime factors of 1383.
3, 461
List the prime factors of 9756.
2, 3, 271
List the prime factors of 13495.
5, 2699
List the prime factors of 27369.
3, 3041
List the prime factors of 871.
13, 67
List the prime factors of 30379.
17, 1787
List the prime factors of 3623.
3623
What are the prime factors of 1279?
1279
List the prime factors of 8160.
2, 3, 5, 17
What are the prime factors of 2128?
2, 7, 19
What are the prime factors of 17462?
2, 8731
What are the prime factors of 751?
751
List the prime factors of 595.
5, 7, 17
What are the prime factors of 1203?
3, 401
What are the prime factors of 13713?
3, 7, 653
What are the prime factors of 6501?
3, 11, 197
What are the prime factors of 77901?
3, 23, 1129
What are the prime factors of 74547?
3, 11, 251
What are the prime factors of 3043?
17, 179
List the prime factors of 1471.
1471
What are the prime factors of 28844?
2, 7211
What are the prime factors of 29106?
2, 3, 7, 11
List the prime factors of 44685.
3, 5, 331
What are the prime factors of 1326?
2, 3, 13, 17
What are the prime factors of 6856?
2, 857
What are the prime factors of 200?
2, 5
List the prime factors of 13695.
3, 5, 11, 83
List the prime factors of 54720.
2, 3, 5, 19
What are the prime factors of 1119?
3, 373
List the prime factors of 2183.
37, 59
List the prime factors of 3271.
3271
List the prime factors of 297.
3, 11
What are the prime factors of 570?
2, 3, 5, 19
List the prime factors of 490.
2, 5, 7
What are the prime factors of 1925?
5, 7, 11
List the prime factors of 709.
709
List the prime factors of 48.
2, 3
What are the prime factors of 3894?
2, 3, 11, 59
What are the prime factors of 339?
3, 113
What are the prime factors of 2557?
2557
List the prime factors of 86.
2, 43
What are the prime factors of 5383?
7, 769
What are the prime factors of 49023?
3, 13, 419
What are the prime factors of 4426?
2, 2213
List the prime factors of 35886.
2, 3, 5981
List the prime factors of 1715.
5, 7
What are the prime factors of 625?
5
What are the prime factors of 7568?
2, 11, 43
What are the prime factors of 274?
2, 137
List the prime factors of 20904.
2, 3, 13, 67
What are the prime factors of 3886?
2, 29, 67
List the prime factors of 29059.
29059
What are the prime factors of 49280?
2, 5, 7, 11
List the prime factors of 27814.
2, 13907
What are the prime factors of 16140?
2, 3, 5, 269
What are the prime factors of 1154?
2, 577
List the prime factors of 1592.
2, 199
What are the prime factors of 35042?
2, 7, 2503
What are the prime factors of 3981?
3, 1327
List the prime factors of 2481.
3, 827
What are the prime factors of 1317?
3, 439
List the prime factors of 34800.
2, 3, 5, 29
What are the prime factors of 5047?
7, 103
What are the prime factors of 50231?
50231
List the prime factors of 549.
3, 61
What are the prime factors of 14831?
14831
List the prime factors of 10973.
10973
What are the prime factors of 141143?
29, 31, 157
What are the prime factors of 34644?
2, 3, 2887
List the prime factors of 1242.
2, 3, 23
What are the prime factors of 107381?
167, 643
List the prime factors of 2079.
3, 7, 11
What are the prime factors of 4051?
4051
List the prime factors of 1037.
17, 61
List the prime factors of 33010.
2, 5, 3301
List the prime factors of 883.
883
What are the prime factors of 14326?
2, 13, 19, 29
List the prime factors of 2127.
3, 709
List the prime factors of 1270.
2, 5, 127
List the prime factors of 3197.
23, 139
What are the prime factors of 2462?
2, 1231
List the prime factors of 9266.
2, 41, 113
What are the prime factors of 10995?
3, 5, 733
List the prime factors of 5253.
3, 17, 103
List the prime factors of 43699.
89, 491
List the prime factors of 4903.
4903
What are the prime factors of 36506?
2, 18253
List the prime factors of 2412.
2, 3, 67
What are the prime factors of 163105?
5, 32621
What are the prime factors of 13505?
5, 37, 73
List the prime factors of 184.
2, 23
What are the prime factors of 3788?
2, 947
List the prime factors of 19346.
2, 17, 569
What are the prime factors of 50468?
2, 11, 31, 37
What are the prime factors of 71745?
3, 5, 4783
List the prime factors of 4154.
2, 31, 67
List the prime factors of 18866.
2, 9433
What are the prime factors of 1954?
2, 977
What are the prime factors of 4146?
2, 3, 691
List the prime factors of 977.
977
List the prime factors of 47672.
2, 59, 101
What are the prime factors of 1722?
2, 3, 7, 41
List the prime factors of 38334.
2, 3, 6389
List the prime factors of 81695.
5, 16339
What are the prime factors of 17515?
5, 31, 113
List the prime factors of 3072.
2, 3
List the prime factors of 4742.
2, 2371
List the prime factors of 70821.
3, 43, 61
List the prime factors of 34574.
2, 59, 293
List the prime factors of 386.
2, 193
List the prime factors of 64753.
13, 17, 293
List the prime factors of 35707.
7, 5101
List the prime factors of 24281.
24281
List the prime factors of 63117.
3, 7013
List the prime factors of 37401.
3, 7, 13, 137
List the prime factors of 23165.
5, 41, 113
What are the prime factors of 1074?
2, 3, 179
List the prime factors of 81793.
263, 311
List the prime factors of 82919.
283, 293
List the prime factors of 601.
601
List the prime factors of 6756.
2, 3, 563
List the prime factors of 21892.
2, 13, 421
What are the prime factors of 373?
373
What are the prime factors of 1228?
2, 307
List the prime factors of 16854.
2, 3, 53
List the prime factors of 12611.
12611
List the prime factors of 6787.
11, 617
List the prime factors of 2659.
2659
What are the prime factors of 1917?
3, 71
List the prime factors of 8690.
2, 5, 11, 79
What are the prime factors of 13022?
2, 17, 383
What are the prime factors of 234?
2, 3, 13
List the prime factors of 46768.
2, 37, 79
List the prime factors of 11108.
2, 2777
What are the prime 